[INFO] fetching crate razer_chroma 0.1.0...
[INFO] checking razer_chroma-0.1.0 against master#cfbc6d4cf1acbac5c025acf8ed68929caa551df3 for pr-75494-beta
[INFO] extracting crate razer_chroma 0.1.0 into /workspace/builds/worker-5/source
[INFO] validating manifest of crates.io crate razer_chroma 0.1.0 on toolchain cfbc6d4cf1acbac5c025acf8ed68929caa551df3
[INFO] running `Command { std: "/workspace/cargo-home/bin/cargo" "+cfbc6d4cf1acbac5c025acf8ed68929caa551df3" "read-manifest" "--manifest-path" "Cargo.toml", kill_on_drop: false }`
[INFO] started tweaking crates.io crate razer_chroma 0.1.0
[INFO] finished tweaking crates.io crate razer_chroma 0.1.0
[INFO] tweaked toml for crates.io crate razer_chroma 0.1.0 written to /workspace/builds/worker-5/source/Cargo.toml
[INFO] running `Command { std: "/workspace/cargo-home/bin/cargo" "+cfbc6d4cf1acbac5c025acf8ed68929caa551df3" "generate-lockfile" "--manifest-path" "Cargo.toml" "-Zno-index-update", kill_on_drop: false }`
[INFO] running `Command { std: "/workspace/cargo-home/bin/cargo" "+cfbc6d4cf1acbac5c025acf8ed68929caa551df3" "fetch" "--locked" "--manifest-path" "Cargo.toml", kill_on_drop: false }`
[INFO] [stderr]  Downloading crates ...
[INFO] [stderr]   Downloaded arraymap v0.1.1
[INFO] running `Command { std: "docker" "create" "-v" "/var/lib/crater-agent-workspace/builds/worker-5/target:/opt/rustwide/target:rw,Z" "-v" "/var/lib/crater-agent-workspace/builds/worker-5/source:/opt/rustwide/workdir:ro,Z" "-v" "/var/lib/crater-agent-workspace/cargo-home:/opt/rustwide/cargo-home:ro,Z" "-v" "/var/lib/crater-agent-workspace/rustup-home:/opt/rustwide/rustup-home:ro,Z" "-e" "SOURCE_DIR=/opt/rustwide/workdir" "-e" "CARGO_TARGET_DIR=/opt/rustwide/target" "-e" "CARGO_HOME=/opt/rustwide/cargo-home" "-e" "RUSTUP_HOME=/opt/rustwide/rustup-home" "-w" "/opt/rustwide/workdir" "-m" "1610612736" "--user" "0:0" "--network" "none" "rustops/crates-build-env@sha256:a636fd89d022f18117e1dc8fb37a0a009933cdbbe082814857f0e2024962d47c" "/opt/rustwide/cargo-home/bin/cargo" "+cfbc6d4cf1acbac5c025acf8ed68929caa551df3" "metadata" "--no-deps" "--format-version=1", kill_on_drop: false }`
[INFO] [stdout] 1c2e6e30e6430423d637f0b727cabcd2366432a732652c61d42f62a4e6dc2ce3
[INFO] [stderr] WARNING: Your kernel does not support swap limit capabilities or the cgroup is not mounted. Memory limited without swap.
[INFO] running `Command { std: "docker" "start" "-a" "1c2e6e30e6430423d637f0b727cabcd2366432a732652c61d42f62a4e6dc2ce3", kill_on_drop: false }`
[INFO] running `Command { std: "docker" "inspect" "1c2e6e30e6430423d637f0b727cabcd2366432a732652c61d42f62a4e6dc2ce3", kill_on_drop: false }`
[INFO] running `Command { std: "docker" "rm" "-f" "1c2e6e30e6430423d637f0b727cabcd2366432a732652c61d42f62a4e6dc2ce3", kill_on_drop: false }`
[INFO] [stdout] 1c2e6e30e6430423d637f0b727cabcd2366432a732652c61d42f62a4e6dc2ce3
[INFO] running `Command { std: "docker" "create" "-v" "/var/lib/crater-agent-workspace/builds/worker-5/target:/opt/rustwide/target:rw,Z" "-v" "/var/lib/crater-agent-workspace/builds/worker-5/source:/opt/rustwide/workdir:ro,Z" "-v" "/var/lib/crater-agent-workspace/cargo-home:/opt/rustwide/cargo-home:ro,Z" "-v" "/var/lib/crater-agent-workspace/rustup-home:/opt/rustwide/rustup-home:ro,Z" "-e" "SOURCE_DIR=/opt/rustwide/workdir" "-e" "CARGO_TARGET_DIR=/opt/rustwide/target" "-e" "CARGO_INCREMENTAL=0" "-e" "RUST_BACKTRACE=full" "-e" "RUSTFLAGS=--cap-lints=forbid" "-e" "CARGO_HOME=/opt/rustwide/cargo-home" "-e" "RUSTUP_HOME=/opt/rustwide/rustup-home" "-w" "/opt/rustwide/workdir" "-m" "1610612736" "--user" "0:0" "--network" "none" "rustops/crates-build-env@sha256:a636fd89d022f18117e1dc8fb37a0a009933cdbbe082814857f0e2024962d47c" "/opt/rustwide/cargo-home/bin/cargo" "+cfbc6d4cf1acbac5c025acf8ed68929caa551df3" "check" "--frozen" "--all" "--all-targets" "--message-format=json", kill_on_drop: false }`
[INFO] [stdout] 8a1a917c145f8b0885edac07bd9d7e4ce2289cd2c221b73bd34663f7786c5252
[INFO] [stderr] WARNING: Your kernel does not support swap limit capabilities or the cgroup is not mounted. Memory limited without swap.
[INFO] running `Command { std: "docker" "start" "-a" "8a1a917c145f8b0885edac07bd9d7e4ce2289cd2c221b73bd34663f7786c5252", kill_on_drop: false }`
[INFO] [stderr]    Compiling libc v0.2.76
[INFO] [stderr]    Compiling log v0.4.11
[INFO] [stderr]     Checking arraymap v0.1.1
[INFO] [stderr]    Compiling nom v5.1.2
[INFO] [stderr]    Compiling proc-macro2 v1.0.19
[INFO] [stderr]    Compiling thread_local v1.0.1
[INFO] [stderr]    Compiling aho-corasick v0.7.13
[INFO] [stderr]    Compiling quote v1.0.7
[INFO] [stderr]    Compiling atty v0.2.14
[INFO] [stderr]    Compiling which v3.1.1
[INFO] [stderr]    Compiling clang-sys v0.29.3
[INFO] [stderr]    Compiling regex v1.3.9
[INFO] [stderr]    Compiling clap v2.33.3
[INFO] [stderr]    Compiling cexpr v0.4.0
[INFO] [stderr]    Compiling env_logger v0.7.1
[INFO] [stderr]    Compiling bindgen v0.54.1
[INFO] [stderr]    Compiling razer_chroma v0.1.0 (/opt/rustwide/workdir)
[INFO] [stdout] error[E0308]: mismatched types
[INFO] [stdout]   --> src/lib.rs:49:24
[INFO] [stdout]    |
[INFO] [stdout] 49 |     Custom{color: [Color; bindings::ChromaSDK::ChromaLink::MAX_LEDS]},
[INFO] [stdout]    |                           ^^^^^^^^^^^^^^^^^^^^^^^^^^^^^^^^^^^^^^^^^ expected `usize`, found `u64`
[INFO] [stdout] 
[INFO] [stdout] 
[INFO] [stdout] error[E0308]: mismatched types
[INFO] [stdout]   --> src/lib.rs:54:24
[INFO] [stdout]    |
[INFO] [stdout] 54 |     Custom{color: [Color; bindings::ChromaSDK::Headset::MAX_LEDS]},
[INFO] [stdout]    |                           ^^^^^^^^^^^^^^^^^^^^^^^^^^^^^^^^^^^^^^ expected `usize`, found `u64`
[INFO] [stdout] 
[INFO] [stdout] 
[INFO] [stdout] error[E0308]: mismatched types
[INFO] [stdout]   --> src/lib.rs:59:25
[INFO] [stdout]    |
[INFO] [stdout] 59 |     Custom{color: [[Color; bindings::ChromaSDK::Keyboard::MAX_COLUMN]; bindings::ChromaSDK::Keyboard::MAX_ROW]},
[INFO] [stdout]    |                            ^^^^^^^^^^^^^^^^^^^^^^^^^^^^^^^^^^^^^^^^^ expected `usize`, found `u64`
[INFO] [stdout] 
[INFO] [stdout] 
[INFO] [stdout] error[E0308]: mismatched types
[INFO] [stdout]   --> src/lib.rs:59:69
[INFO] [stdout]    |
[INFO] [stdout] 59 |     Custom{color: [[Color; bindings::ChromaSDK::Keyboard::MAX_COLUMN]; bindings::ChromaSDK::Keyboard::MAX_ROW]},
[INFO] [stdout]    |                                                                        ^^^^^^^^^^^^^^^^^^^^^^^^^^^^^^^^^^^^^^ expected `usize`, found `u64`
[INFO] [stdout] 
[INFO] [stdout] 
[INFO] [stdout] error[E0308]: mismatched types
[INFO] [stdout]   --> src/lib.rs:64:25
[INFO] [stdout]    |
[INFO] [stdout] 64 |     Custom{color: [[Color; bindings::ChromaSDK::Keypad::MAX_COLUMN]; bindings::ChromaSDK::Keypad::MAX_ROW]},
[INFO] [stdout]    |                            ^^^^^^^^^^^^^^^^^^^^^^^^^^^^^^^^^^^^^^^ expected `usize`, found `u64`
[INFO] [stdout] 
[INFO] [stdout] 
[INFO] [stdout] error[E0308]: mismatched types
[INFO] [stdout]   --> src/lib.rs:64:67
[INFO] [stdout]    |
[INFO] [stdout] 64 |     Custom{color: [[Color; bindings::ChromaSDK::Keypad::MAX_COLUMN]; bindings::ChromaSDK::Keypad::MAX_ROW]},
[INFO] [stdout]    |                                                                      ^^^^^^^^^^^^^^^^^^^^^^^^^^^^^^^^^^^^ expected `usize`, found `u64`
[INFO] [stdout] 
[INFO] [stdout] 
[INFO] [stdout] error[E0308]: mismatched types
[INFO] [stdout]   --> src/lib.rs:69:25
[INFO] [stdout]    |
[INFO] [stdout] 69 |     Custom{color: [[Color; bindings::ChromaSDK::Mouse::MAX_COLUMN]; bindings::ChromaSDK::Mouse::MAX_ROW]},
[INFO] [stdout]    |                            ^^^^^^^^^^^^^^^^^^^^^^^^^^^^^^^^^^^^^^ expected `usize`, found `u64`
[INFO] [stdout] 
[INFO] [stdout] 
[INFO] [stdout] error[E0308]: mismatched types
[INFO] [stdout]   --> src/lib.rs:69:66
[INFO] [stdout]    |
[INFO] [stdout] 69 |     Custom{color: [[Color; bindings::ChromaSDK::Mouse::MAX_COLUMN]; bindings::ChromaSDK::Mouse::MAX_ROW]},
[INFO] [stdout]    |                                                                     ^^^^^^^^^^^^^^^^^^^^^^^^^^^^^^^^^^^ expected `usize`, found `u64`
[INFO] [stdout] 
[INFO] [stdout] 
[INFO] [stdout] error[E0308]: mismatched types
[INFO] [stdout]   --> src/lib.rs:74:24
[INFO] [stdout]    |
[INFO] [stdout] 74 |     Custom{color: [Color; bindings::ChromaSDK::Mousepad::MAX_LEDS]},
[INFO] [stdout]    |                           ^^^^^^^^^^^^^^^^^^^^^^^^^^^^^^^^^^^^^^^ expected `usize`, found `u64`
[INFO] [stdout] 
[INFO] [stdout] 
[INFO] [stdout] error: aborting due to 9 previous errors
[INFO] [stdout] 
[INFO] [stdout] 
[INFO] [stdout] For more information about this error, try `rustc --explain E0308`.
[INFO] [stdout] 
[INFO] [stderr] error: could not compile `razer_chroma`.
[INFO] [stderr] 
[INFO] [stderr] To learn more, run the command again with --verbose.
[INFO] [stderr] warning: build failed, waiting for other jobs to finish...
[INFO] [stdout] error[E0308]: mismatched types
[INFO] [stdout]   --> src/lib.rs:49:24
[INFO] [stdout]    |
[INFO] [stdout] 49 |     Custom{color: [Color; bindings::ChromaSDK::ChromaLink::MAX_LEDS]},
[INFO] [stdout]    |                           ^^^^^^^^^^^^^^^^^^^^^^^^^^^^^^^^^^^^^^^^^ expected `usize`, found `u64`
[INFO] [stdout] 
[INFO] [stdout] 
[INFO] [stdout] error[E0308]: mismatched types
[INFO] [stdout]   --> src/lib.rs:54:24
[INFO] [stdout]    |
[INFO] [stdout] 54 |     Custom{color: [Color; bindings::ChromaSDK::Headset::MAX_LEDS]},
[INFO] [stdout]    |                           ^^^^^^^^^^^^^^^^^^^^^^^^^^^^^^^^^^^^^^ expected `usize`, found `u64`
[INFO] [stdout] 
[INFO] [stdout] 
[INFO] [stdout] error[E0308]: mismatched types
[INFO] [stdout]   --> src/lib.rs:59:25
[INFO] [stdout]    |
[INFO] [stdout] 59 |     Custom{color: [[Color; bindings::ChromaSDK::Keyboard::MAX_COLUMN]; bindings::ChromaSDK::Keyboard::MAX_ROW]},
[INFO] [stdout]    |                            ^^^^^^^^^^^^^^^^^^^^^^^^^^^^^^^^^^^^^^^^^ expected `usize`, found `u64`
[INFO] [stdout] 
[INFO] [stdout] 
[INFO] [stdout] error[E0308]: mismatched types
[INFO] [stdout]   --> src/lib.rs:59:69
[INFO] [stdout]    |
[INFO] [stdout] 59 |     Custom{color: [[Color; bindings::ChromaSDK::Keyboard::MAX_COLUMN]; bindings::ChromaSDK::Keyboard::MAX_ROW]},
[INFO] [stdout]    |                                                                        ^^^^^^^^^^^^^^^^^^^^^^^^^^^^^^^^^^^^^^ expected `usize`, found `u64`
[INFO] [stdout] 
[INFO] [stdout] 
[INFO] [stdout] error[E0308]: mismatched types
[INFO] [stdout]   --> src/lib.rs:64:25
[INFO] [stdout]    |
[INFO] [stdout] 64 |     Custom{color: [[Color; bindings::ChromaSDK::Keypad::MAX_COLUMN]; bindings::ChromaSDK::Keypad::MAX_ROW]},
[INFO] [stdout]    |                            ^^^^^^^^^^^^^^^^^^^^^^^^^^^^^^^^^^^^^^^ expected `usize`, found `u64`
[INFO] [stdout] 
[INFO] [stdout] 
[INFO] [stdout] error[E0308]: mismatched types
[INFO] [stdout]   --> src/lib.rs:64:67
[INFO] [stdout]    |
[INFO] [stdout] 64 |     Custom{color: [[Color; bindings::ChromaSDK::Keypad::MAX_COLUMN]; bindings::ChromaSDK::Keypad::MAX_ROW]},
[INFO] [stdout]    |                                                                      ^^^^^^^^^^^^^^^^^^^^^^^^^^^^^^^^^^^^ expected `usize`, found `u64`
[INFO] [stdout] 
[INFO] [stdout] 
[INFO] [stdout] error[E0308]: mismatched types
[INFO] [stdout]   --> src/lib.rs:69:25
[INFO] [stdout]    |
[INFO] [stdout] 69 |     Custom{color: [[Color; bindings::ChromaSDK::Mouse::MAX_COLUMN]; bindings::ChromaSDK::Mouse::MAX_ROW]},
[INFO] [stdout]    |                            ^^^^^^^^^^^^^^^^^^^^^^^^^^^^^^^^^^^^^^ expected `usize`, found `u64`
[INFO] [stdout] 
[INFO] [stdout] 
[INFO] [stdout] error[E0308]: mismatched types
[INFO] [stdout]   --> src/lib.rs:69:66
[INFO] [stdout]    |
[INFO] [stdout] 69 |     Custom{color: [[Color; bindings::ChromaSDK::Mouse::MAX_COLUMN]; bindings::ChromaSDK::Mouse::MAX_ROW]},
[INFO] [stdout]    |                                                                     ^^^^^^^^^^^^^^^^^^^^^^^^^^^^^^^^^^^ expected `usize`, found `u64`
[INFO] [stdout] 
[INFO] [stdout] 
[INFO] [stdout] error[E0308]: mismatched types
[INFO] [stdout]   --> src/lib.rs:74:24
[INFO] [stdout]    |
[INFO] [stdout] 74 |     Custom{color: [Color; bindings::ChromaSDK::Mousepad::MAX_LEDS]},
[INFO] [stdout]    |                           ^^^^^^^^^^^^^^^^^^^^^^^^^^^^^^^^^^^^^^^ expected `usize`, found `u64`
[INFO] [stdout] 
[INFO] [stdout] 
[INFO] [stdout] error: aborting due to 9 previous errors
[INFO] [stdout] 
[INFO] [stdout] 
[INFO] [stdout] For more information about this error, try `rustc --explain E0308`.
[INFO] [stdout] 
[INFO] [stderr] error: build failed
[INFO] running `Command { std: "docker" "inspect" "8a1a917c145f8b0885edac07bd9d7e4ce2289cd2c221b73bd34663f7786c5252", kill_on_drop: false }`
[INFO] running `Command { std: "docker" "rm" "-f" "8a1a917c145f8b0885edac07bd9d7e4ce2289cd2c221b73bd34663f7786c5252", kill_on_drop: false }`
[INFO] [stdout] 8a1a917c145f8b0885edac07bd9d7e4ce2289cd2c221b73bd34663f7786c5252
